*f**2 + 8. Give n(w).
8
Let r(p) = 9*p**2 + 2*p + 1. Let i = 5 + 1. Suppose -i*h + 3*h = 21. Let d(y) = y**2 + 7*y - 1. Let g be d(h). Determine r(g).
8
Let o(x) = -40 + x**2 + 2*x - 37 + 80 + 5*x. Calculate o(-6).
-3
Let k be (-6)/(-8)*(-24)/(-9)*2. Let g(p) = p**3 - 5*p**2 + 4*p - 4. Determine g(k).
-4
Let o = 1 + 0. Let m(w) = -o - 4 + 4 + w. Suppose -3*s + 3*y + 9 = -3, -2*s = y - 5. Give m(s).
2
Let m(t) be the first derivative of 0*t**3 + 4 + 1/4*t**4 + 1/2*t**2 + 0*t. What is m(0)?
0
Suppose -5*k + k = j - 14, 4*k - 22 = -5*j. Let b(t) = -4*t**2 + t**2 - j*t**2 - 1 + 4*t**2. Suppose 0 = -z + 3*z. What is b(z)?
-1
Let v = 15 + -13. Let s(z) = -v - z + 6*z**2 + 3*z - 4*z + z**3 - 6*z. Determine s(-7).
5
Let o(d) = -7*d + 1. Let s(r) = 6*r - 1. Let b(g) = g**3 - 5*g**2 + 2*g - 4. Let j be b(5). Let m(a) = j*s(a) + 5*o(a). Calculate m(-1).
-2
Let l(a) = -a**2 + 3*a + 12. Let j be l(5). Suppose 30 = -3*z + 9. Let r(m) = -1. Let k(s) = -s - 4. Let w(n) = j*k(n) + z*r(n). What is w(4)?
-9
Suppose a - 13 = -11. Let w(o) = o**3 - 4*o**2 + 2*o + 1. Determine w(a).
-3
Let z(a) = -a**2 + 3. Suppose 0 = -0*c - 4*c - 4. Let o = -1 - c. What is z(o)?
3
Let w(l) = l**3 + 7*l**2 + 4*l - 7. Suppose 4*r - 6*r - 12 = 0. Give w(r).
5
Suppose -61 - 14 = -3*o. Let h(a) = -o + 25 - a + 6*a. What is h(-1)?
-5
Let w(i) = -2*i - 4*i + i**2 + 1 + 1 + 2. Let t = -1 + 6. What is w(t)?
-1
Let x = 8 - 6. Suppose x*z = 4*z + 2. Let a(w) = w + 1. Let j(m) = 5*m**2 - 1. Let c(n) = -2*a(n) - j(n). Determine c(z).
-4
Let f(p) = -4*p**2 + 4*p**2 + 4*p + 2*p**2. Let r = -34 - -31. What is f(r)?
6
Let b(t) = -t**2 + 3*t - 1. Let a be 1/(-1) + 4 + -8. Let z = a + 8. Suppose -4*l = z*f - 12, -4*f - 4*l = -6*l - 16. What is b(f)?
-5
Suppose -8 = 3*v + x, -3*v + 2*x - 6 = 5. Let z(w) = w**3 + 4*w**2 + 4*w + 1. What is z(v)?
-2
Let p(b) = -287*b**2 + 3*b - 5 + 2*b + 286*b**2. What is p(6)?
-11
Let w(g) = -15*g - g**3 + 223*g**2 + 9*g - 4 - 228*g**2. Let j(o) be the second derivative of o**4/12 + 5*o**3/6 + o**2 - o. Let a be j(-3). Give w(a).
4
Let n(h) = h**3 - h**2 + h. Let i(r) = 2*r**3 + r**2 + 3*r - 1. Let y(c) = -i(c) + n(c). Let v(w) be the first derivative of y(w). Let d = 1 - 3. Give v(d).
-6
Let k be 1*(-1 + 1 + -1). Let z(w) = -w + 2052 - 2052 - 5*w**3. Determine z(k).
6
Suppose 2*d + 3*g = -1, -4*g = -0*d - 3*d + 7. Let n(u) = -d + u**2 + 4*u - 3*u - 4*u. Let a = -2 - -5. What is n(a)?
-1
Let g(k) = k - 5. Let z(d) = -5*d + 26. Let f(u) = -11*g(u) - 2*z(u). Let t(c) = -c**2 + 5*c + 6. Let b be t(5). What is f(b)?
-3
Let c(x) be the third derivative of 3*x**4/8 - x**3/6 - x**2. Calculate c(-1).
-10
Let r be (6/(-2))/((-1)/1). Let m = r + -1. Let q(k) = 0 - 4*k - 2 + 5 + k**m + k**3. Determine q(2).
7
Let l be (-2)/9 + 21/(-27). Let r(t) be the third derivative of 0 - 1/30*t**5 - 1/20*t**6 + 0*t + 0*t**4 + 1/6*t**3 - t**2. Calculate r(l).
5
Let r(h) = -2*h**3 - 2*h**2. Suppose 0 = -0*l - 5*l - 15. Let t(s) = -s**3 + 5*s**2 - 2*s. Let p be t(3). Let c be (-16)/p*l/(-2). Give r(c).
8
Let p(h) be the third derivative of -h**7/2520 + h**6/180 - h**5/20 + h**4/6 + h**2. Let n(g) be the second derivative of p(g). Calculate n(4).
-6
Let r(w) be the third derivative of w**5/60 - w**4/12 + w**3/6 + 2*w**2 + 21*w. Give r(1).
0
Let w be (-1)/(-1 - (-1 - -1)). Let i(s) = s - w - s**2 + 0*s**2 - 9 + 8. Calculate i(2).
-4
Let v(m) = -4*m**2 + 7*m**2 + 11 - 2*m**2. Give v(0).
11
Let m(a) = -3*a**2 - 4*a - 2. Let s = -10 + 0. Let d = 16 + s. Suppose d = -t - 2*t. Give m(t).
-6
Let o(h) be the third derivative of -h**5/12 + h**4/12 + h**3/3 + 11*h**2. Give o(2).
-14
Let a(x) = x**2 - 5*x + 2. Suppose 2*n = 2*b - 4, 0*n + 3*b = n. Let s(q) = -q**3 - 4*q**2 - 3*q + 3. Let u be s(n). Calculate a(u).
-4
Let c(z) = z**2 - 2. Let f be c(-2). Let p(r) = 0*r**3 - 3*r**3 + f*r**3 + 2*r - 3*r. Determine p(0).
0
Suppose -d + 2*d - 5 = 0. Let f(j) = -j**3 - 8*j**2 + 5*j - 4. Let o(x) = -2*x**3 - 9*x**2 + 5*x - 3. Let m(z) = 3*f(z) - 2*o(z). Calculate m(d).
-6
Suppose 5*o + 31 = -j, -j + 55 = -5*o + 4*j. Let n be (-3)/(-1) + (-9 - -9). Let t = o + n. Let q(r) = -r**3 - 5*r**2 - 4*r - 6. What is q(t)?
-6
Suppose 35 = 4*o - 9. Let x = 17 - o. Let v(p) = -p**2 + 4*p + 6. Calculate v(x).
-6
Let z be 54/(-10) + (-48)/80. Let h(c) = 3*c + 9. Determine h(z).
-9
Let n(d) = -d**2 - 2*d + 5. Let j(r) = -7*r + 15. Let u(o) = -o**2. Let s(q) = -j(q) - 4*u(q). Let k(f) = -7*n(f) - 2*s(f). Give k(0).
-5
Suppose -6*l = -2*l + 8. Suppose 2*a - 3*q - 21 = 0, -2*a - 3*a - 10 = 5*q. Let b(v) = -3*v + v - v - a*v**2. What is b(l)?
-6
Let n be (9 - 4)*2/(-2). Let d(m) = -m**3 + m**2 - 1. Let u be 0 - 10/(-2) - 2. Let g(l) = -4*l**3 - 2*l**2 - l - 9. Let s(y) = u*d(y) - g(y). Determine s(n).
1
Let j = 10 - 16. Let d(a) = -a - 316*a**3 + 7 + a**2 + 5*a**2 + 317*a**3. Calculate d(j).
13
Let q(n) = 7 + 4 - n - 16*n**2 - 11. Give q(-1).
-15
Let z(p) = p**2 + p + 4. Let r be z(0). Let u(c) = -3*c + 7. Give u(r).
-5
Let x(q) = -q**2 - 5*q + 8. Let d(g) = -1. Let k(u) = -5*d(u) - x(u). What is k(-6)?
3
Let t be (-4)/(-12) - 10/(-6). Suppose 4*i - 3*m = 22, i - 6 = -m + t*m. Let c(b) = b**3 + 1 - 2*b**2 - 4*b + 2 - b**2. Determine c(i).
3
Let z(t) = 2*t**2 + 5*t + 2. Let f be z(-3). Let n(b) = b - 7. Calculate n(f).
-2
Let w = 7 - 5. Suppose -b + 5 = w. Suppose 0 = -b*n - 4*z, -23 = -4*n - n + z. Let a(m) = -m + 3. Determine a(n).
-1
Suppose 3*j - 2 = -17. Let i(h) be the third derivative of 1/6*h**4 - h**2 + 1/120*h**6 + 0 + 1/2*h**3 + 0*h + 1/10*h**5. Determine i(j).
8
Let h(m) = -m**3 + 6*m**2 + 2*m - 2. Suppose -3*b + 9 = -9. Give h(b).
10
Suppose -5*i + 28 - 13 = 0. Let c(n) be the third derivative of 0 - 1/120*n**6 + 0*n - 1/60*n**5 + 1/3*n**i - 3*n**2 + 1/12*n**4. Give c(-2).
2
Let m(h) = 14*h + 11. Suppose 4*d = -0 - 20. Let t(b) = 9*b + 7. Let i(u) = d*m(u) + 8*t(u). Let k be ((-5 - -3) + 3)/(-1). What is i(k)?
-1
Let b(v) be the second derivative of 0*v**2 + 2/3*v**3 - 1/6*v**4 - 1/20*v**5 - 2*v + 0. Calculate b(-3).
-3
Let w(n) = -18*n**2 + 8*n + 11. Let s(x) = 12*x**2 - 5*x - 7. Let t = 4 + -1. Suppose 2*z + t = 19. Let b(d) = z*s(d) + 5*w(d). Determine b(1).
5
Let y be ((-1)/5)/((-2)/10). Let w(s) = -4*s. Calculate w(y).
-4
Let y(n) = 7*n**3 + 8*n**2 + 8*n + 3. Let b(p) = -p**3. Let v(s) = -6*b(s) - y(s). Let h be (0 + 14)/((-8)/4). Determine v(h).
4
Let i be (1 - -2)/1 - (9 + -1). Let w(f) = 0 + f**2 - 4*f - 2*f**2 + 2. What is w(i)?
-3
Let f(t) be the third derivative of -5/6*t**3 + 0*t + 0*t**4 + 1/120*t**6 + 0 - 1/12*t**5 - 6*t**2. Determine f(5).
-5
Let m(h) = -2*h**2 + 4*h - 2. Let a = 13 + -11. Calculate m(a).
-2
Let a(b) = b + 0 + 4*b + 7 - 4*b. What is a(-5)?
2
Let s(a) = 2*a**2 - 8*a + 7. Let v = 0 - -5. Calculate s(v).
17
Let y(s) = -s**3 + s**2 + 4*s + 1. Let m = -8 - -11. Determine y(m).
-5
Let o(x) = -x**3 - 3*x**2 - 3*x - 2. Let h be o(-2). Let p(n) be the third derivative of 1/8*n**4 + 0*n**3 - 1/60*n**5 + h*n + 3*n**2 + 0. Calculate p(4).
-4
Let i(j) = -3*j. Suppose -2 = -2*s - 4. Let m = s + 2. Determine i(m).
-3
Let y(t) be the first derivative of 3*t**2 - t + 1. Let a(j) = j + 10. Let b be a(-7). Let d(p) = -p**2 + 4*p - 2. Let c be d(b). Give y(c).
5
Let b(o) = -o**2 + 9*o + 3. Let z be b(9). Suppose -7*q = -z*q. Let l(d) = -d**2 - d - 7. Determine l(q).
-7
Let a(s) = -s**3 + 2*s**2 + 3*s - 2. Let t be 72/30 - 4/10. Let p be (1/(-2))/(t/20). Let w be (3/p)/((-1)/5). Calculate a(w).
-2
Suppose 2*k = 5*k + 4*b - 25, 5*k - 3*b = 3. Let s(o) = o**2 - k*o**2 - o - 2 + o**2. Suppose -10 + 10 = -18*m. Give s(m).
-2
Let u be 1*(-2)/4*-10. Suppose 0 = 2*y - u*p + 5 - 17, -y + 3*p = -8. Let r(b) = -2 + 2*b + 1 + 3 - 3. What is r(y)?
-9
Let q(x) = 7*x**2 - 6 - x**3 - 3 + 23*x - 15*x. Give q(8).
-9
Suppose -2*n - 5 = i + 1, -i + 9 = -n. Let o(z) be the third derivative of 2*z**2 + 0 - 1/24*z**4 + 0*z - 5/6*z**3. Calculate o(n).
0
Let n(v) = v - 1. Let k be 44/10 - 12/(-20). What is n(k)?
4
Let h(c) = c**3 + 7*c**2 - c - 10. Suppose 2*t = -2*t - 28. Calculate h(t).
-3
Let n(v) be the first derivative of v**2 - 5*v + 5. Calculate n(5).
5
Let p(d) = 4*d**3 - 6*d**2 - d. Let q be p(2). Let c(j) be the third derivative of -1/4*j**4 - 2*j**2 + 0 + 1/2*j**3 + 1/60*j**5 + 0*j. Give c(q).
3
Let x(f) be the first